34935
What is -d55be (base 15) in base 2?
-10100101000111010000
1112304343 (base 5) to base 2
1001011001010101111010
Convert 784c7 (base 15) to base 4.
1131113332
Convert -13332030103 (base 4) to base 6.
-112442431
-1453046 (base 7) to base 15
-3d9b5
Convert 7a053 (base 12) to base 2.
100111101010111111
Convert 3084d9 (base 14) to base 3.
10002010201101
What is -111001112002001 (base 3) in base 6?
-404415301
111011021121201 (base 3) to base 5
3242234034
Convert -220012210021020 (base 3) to base 2.
-110001000101101110010111
What is -1971e (base 15) in base 10?
-82604
Convert 1193b (base 14) to base 6.
530545
What is 22264f (base 16) in base 5?
1033104111
-303210011 (base 4) to base 14
-56d81
Convert 3a5490 (base 11) to base 6.
21352053
Convert 2054d6 (base 14) to base 3.
2001101122222
-131433404 (base 6) to base 14
-4ba2ba
-312433 (base 8) to base 2
-11001010100011011
What is 300303312 (base 4) in base 15?
3e386
Convert -2412214 (base 5) to base 13.
-17453
-212020211221 (base 3) to base 4
-1233233212
191590 (base 10) to base 8
566146
What is -10424332 (base 5) in base 14?
-259ab
Convert 2342555 (base 6) to base 7.
1020026
Convert 74c62 (base 16) to base 5.
110301211
-670556 (base 8) to base 10
-225646
What is -349acb (base 13) in base 4?
-10301013121
202220221110111 (base 3) to base 12
388307a
2265027 (base 9) to base 10
1224016
What is -785431 (base 9) in base 10?
-469828
-11012030 (base 6) to base 13
-b65aa
Convert 101202212220 (base 3) to base 12.
a2873
What is -120232104 (base 5) in base 12?
-229413
What is 755426 (base 9) in base 7?
3553236
11012021011 (base 3) to base 16
1428a
-42593b (base 12) to base 5
-231444113
Convert 2218c (base 16) to base 11.
95a24
Convert 22340011 (base 5) to base 13.
6c9a0
44142221 (base 5) to base 2
1011101000000001000
Convert 5011642 (base 7) to base 2.
10010000010111010001
What is 100425542 (base 6) in base 11?
a71226
Convert -9a406 (base 11) to base 4.
-203202201
-c5940 (base 16) to base 10
-809280
4471a (base 14) to base 4
220202110
112410 (base 6) to base 2
10010110110110
Convert -78937 (base 11) to base 8.
-337130
Convert 173456 (base 8) to base 13.
22a57
Convert 1da22 (base 15) to base 11.
66794
What is 3566632 (base 8) in base 2?
11101110110110011010
Convert a36480 (base 13) to base 15.
5049ba
-101112210012 (base 3) to base 14
-55932
Convert -20b35a5 (base 13) to base 4.
-212003121000
72bd3 (base 15) to base 14
96818
201351555 (base 6) to base 13
934016
-32201223 (base 4) to base 3
-10000121200
What is 4c11c0 (base 14) in base 16?
27e864
27411 (base 12) to base 5
3213112
Convert -85c32 (base 16) to base 14.
-103950
What is 7c5a19 (base 14) in base 2?
10000001011100000110111
Convert -3574715 (base 11) to base 4.
-113300222010
What is -1564c38 (base 13) in base 16?
-68c25f
511543 (base 7) to base 4
111100033
What is 1001000212 (base 3) in base 5?
1123220
Convert -32b017 (base 12) to base 11.
-501342
What is -13125530 (base 6) in base 7?
-3445110
What is 614460 (base 7) in base 13?
38958
Convert -4624341 (base 7) to base 9.
-1070516
Convert 2330320424 (base 5) to base 14.
9c7d55
What is -7033a0 (base 12) in base 15?
-247be0
Convert -530326 (base 7) to base 11.
-62746
What is 1627433 (base 8) in base 3?
212220211110
What is 31033041 (base 5) in base 9?
424041
-1132016 (base 8) to base 3
-120122211020
What is 105182 (base 10) in base 5?
11331212
Convert 155c69 (base 16) to base 4.
11111301221
-1dffc (base 16) to base 10
-122876
What is 10113100001 (base 4) in base 11?
7113a7
-281a8 (base 12) to base 2
-1101100100010000
-663301 (base 7) to base 13
-40cba
What is -221201002010 (base 3) in base 2?
-1111011100001111111
What is 30332220 (base 8) in base 15?
8673b1
57c10 (base 16) to base 11
226064
What is 2201131123 (base 4) in base 8?
2413533
Convert -221132323 (base 4) to base 14.
-45ccb
Convert -20020302022 (base 4) to base 15.
-2c208a
Convert 33870863 (base 9) to base 8.
76630656
Convert 201213323202 (base 4) to base 13.
1a97c87
What is 46454 (base 7) in base 5?
340042
What is 41511033 (base 8) in base 14?
125800b
What is -15516455 (base 9) in base 14?
-105921a
What is -2335b2 (base 12) in base 6?
-20043542
Convert -1100100010001100101010 (base 2) to base 13.
-8b0780
Convert 10110011000000100010101 (base 2) to base 3.
102001000021222
30064714 (base 8) to base 4
120012213030
Convert -45714 (base 9) to base 12.
-15771
What is 538d7 (base 14) in base 6?
4155301
-16a6ba (base 15) to base 14
-208412
What is -125558 (base 11) in base 3?
-101001010121
Convert -480243 (base 12) to base 5.
-244132210
Convert -100100101101010001100011 (base 2) to base 3.
-200002212202121
What is -133235264 (base 7) in base 3?
-121020111120122
-2212102011 (base 4) to base 9
-1247250
-10494 (base 11) to base 4
-3231330
What is 4b5524 (base 13) in base 4?
12322030003
220301221122 (base 4) to base 12
36b59b6
510553 (base 11) to base 7
6655205
-6854 (base 9) to base 5
-130241
What is 79b51 (base 13) in base 10?
221625
What is 32321336 (base 8) in base 6?
404214450
What is 300907 (base 10) in base 5?
34112112
What is 465540 (base 8) in base 16?
26b60
255571 (base 9) to base 6
3153401
Convert -2136161 (base 10) to base 2.
-1000001001100001100001
Convert 44526345 (base 7) to base 3.
21020220020000
Convert 1261832 (base 10) to base 16.
134108
Convert 42214233 (base 5) to base 6.
11305521
1b22aa (base 14) to base 6
32414114
-ac6159 (base 15) to base 2
-11111010111010001110001
What is 4243482 (base 9) in base 15?
2ed5cb
Convert 650002 (base 9) to base 8.
1364035
100101010111100100 (base 2) to base 8
452744
What is -931a00 (base 14) in base 15?
-67eb13
What is -213021441 (base 5) in base 15?
-12de66
160a87 (base 14) to base 4
2330011133
What is 2022001211 (base 3) in base 12?
22227
Convert -50a290 (base 11) to base 5.
-202201111
77b96 (base 12) to base 3
22002000220
What is 541154 (base 6) in base 9?
66747
Convert -37745 (base 12) to base 7.
-432503
aa809a0 (base 11) to base 9
40525681
a62885 (base 11) to base 6
100251555
11304 (base 10) to base 12
6660
Convert 5a5009 (base 12) to base 15.
1dc999
What is 1351919 (base 10) in base 14?
272979
Convert 44231214 (base 5) to base 13.
105614
What is -551230342 (base 6) in base 10?
-9863990
What is -6379b6 (base 16) in base 3?
-110021012200200
-1365276 (base 8) to base 12
-1684a6
Convert 1111200121 (base 3) to base 15.
8bc7
10100101111010011 (base 2) to base 11
58905
-132617 (base 8) to base 13
-18204
-ab729c (base 13) to base 8
-17330303
What is 4050121 (base 6) in base 2?
101111001010000001
Convert -403224 (base 7) to base 2.
-10000101100010101
Convert 522a2 (base 16) to base 15.
69ab6
What is 10531334 (base 6) in base 12?
136b4a
What is -2016700 (base 9) in base 3?
-2000120210000
What is 133947 (base 12) in base 10?
317575
1211032201 (base 4) to base 3
210001202111
What is -a207 (base 15) in base 9?
-51827
Convert -5062521 (base 7) to base 14.
-119d81
What is 100102012100 (base 3) in base 12?
8b2a6
Convert -7427c (base 15) to base 8.
-1317472
-8757 (base 13) to base 15
-58a6
16148430 (base 10) to base 4
331212133032
Convert 230015 (base 8) to base 5.
4442322
-102708d (base 14) to base 11
-4339336
-3162 (base 12) to base 7
-21515
Convert -59358 (base 10) to base 4.
-32133132
Convert -528d6 (base 14) to base 4.
-300222130
Convert 1111100110110101001 (base 2) to base 8.
1746651
What is 210410 (base 6) in base 11?
11853
-10011000100000111 (base 2) to base 5
-4444322
What is 5627688 (base 9) in base 15?
3ecce5
12da70 (base 15) to base 11
56a374
Convert 140141 (base 7) to base 8.
63571
-109a335 (base 11) to base 6
-105031105
What is 47b280 (base 12) in base 6?
40505440
Convert 703063 (base 12) to base 13.
4922a0
-711336 (base 11) to base 10
-1143731
What is -340a092 (base 11) in base 10?
-5972298
Convert -11010001000000100 (base 2) to base 8.
-321004
What is 1675555 (base 8) in base 2?
1110111101101101101
-10c8ec (base 15) to base 7
-6546615
Convert 85346 (base 13) to base 11.
154387
Convert 1111000110101111100 (base 2) to base 7.
4131032
Convert 32553514 (base 6) to base 15.
14527d
What is 2ee3eb (base 15) in base 11?
13147aa
4d042 (base 14) to base 6
4020454
What is 1330021200 (base 6) in base 3?
1010000210221200
25012452 (base 6) to base 8
3020660
What is -234b579 (base 13) in base 11?
-617a531
What 